greatest common divisor of 51 and u?
17
Let g = -923 + 499. Let t = -253 - g. Calculate the highest common divisor of t and 19.
19
Let w(a) = -a + 3. Let r be 42/(-5) - (-3)/(-5). Let j be w(r). Calculate the greatest common divisor of 12 and j.
12
Let x(g) = g**2 + g + 1. Let p be x(-1). Let l(c) = c - 1. Let v be l(4). Let m = v + p. Calculate the greatest common divisor of 32 and m.
4
Suppose 4*q - 29 = -21. Calculate the greatest common divisor of 2 and q.
2
Let o(g) = -3*g + 9. Let f be o(-13). Calculate the highest common divisor of 12 and f.
12
Let v = 2 + 28. Let p = -25 + 71. Let w = p - v. What is the greatest common divisor of w and 4?
4
Let b be (-14)/(-3) - 2/3. Let j be (-2 - 2)*(-2)/b. Let l(o) = 20*o**3 + 2*o + 1. Let s be l(j). What is the greatest common factor of s and 15?
15
Suppose -c - 1 = -0*c. Let z be (1/c)/((-1)/2). Suppose 2*b = z*g - 30, 0 = -g - 0*g - 5*b - 15. Calculate the greatest common divisor of g and 90.
10
Let a(x) = -5*x + 5. Let r be a(-5). What is the greatest common divisor of 6 and r?
6
Let a = -36 + 49. What is the greatest common factor of a and 13?
13
Let t = 63 + -51. What is the highest common divisor of t and 8?
4
Let q = 284 - 113. Let w = -91 + q. Calculate the highest common factor of w and 20.
20
Suppose 481 = 5*b - 344. Suppose 5*y + 206 = 3*y. Let o be 4/14 + y/(-7). Calculate the highest common divisor of b and o.
15
Suppose -16*i = -14*i - 18. Calculate the highest common factor of i and 135.
9
Let l(k) = 3*k + 1. Let x be l(4). What is the greatest common divisor of x and 65?
13
Let b = 151 - 43. What is the greatest common factor of 12 and b?
12
Suppose 4*m - 168 + 24 = 0. What is the greatest common factor of 9 and m?
9
Suppose -5*v + 56 = -v. Calculate the greatest common factor of 21 and v.
7
Let j(k) = 2*k + 5*k - 5*k + 11 + 2*k**2. Let z be j(10). What is the greatest common divisor of z and 21?
21
Suppose 4*h + 15 = 3*k - 11, k - 3*h - 12 = 0. What is the greatest common factor of k and 18?
6
Let a be 1 + -3 + 3 + 33. Calculate the greatest common divisor of a and 34.
34
Let l = -3 + 0. Let p = 4 - l. Calculate the greatest common divisor of 14 and p.
7
Let f = 154 - 92. Calculate the greatest common factor of f and 155.
31
Let c be (-6)/(-4) - (-105)/10. Suppose 65*d = 60*d + 90. What is the greatest common divisor of d and c?
6
Let g be (((-16)/10)/(-1))/((-25)/(-125)). Let d(c) = 135*c + 1. Let h be d(-1). Let b = h + 198. What is the highest common divisor of b and g?
8
Suppose -5*k + 2*k = 141. Let d = 67 + k. Calculate the highest common factor of d and 4.
4
Let p(l) = 4*l**2 - 9*l + 9. Let n = 15 + -10. Let u be p(n). Suppose -2*q + 0 + 36 = -4*r, 0 = -4*r - 20. Calculate the greatest common divisor of u and q.
8
Let x = 26 + -16. Let d(u) = u**2 + 13*u + 11. Let i be d(-12). Let o = i + x. What is the highest common divisor of o and 54?
9
Let b(h) = -h**3 + 9*h**2 - 9*h + 12. Let q be b(8). Suppose q = 5*r - 46. Calculate the highest common factor of r and 100.
10
Let g = 36 + -26. What is the highest common factor of g and 40?
10
Let b be (-21)/14 + -5*23/(-2). Calculate the greatest common divisor of 56 and b.
56
Let g(y) = -y**3 + 3*y**2 + 3*y + 4. Let z be g(3). Let l = 1 + z. Calculate the greatest common factor of l and 2.
2
Let j be 3*(-4)/(-36)*18. Let a be (j/(-1))/((-3)/4). What is the highest common factor of a and 20?
4
Let g = 0 - -9. What is the greatest common factor of g and 9?
9
Let n = 20 - 12. Calculate the greatest common divisor of n and 16.
8
Let d be 0*((-2 - 2) + 3). Let b(n) = -n**3 + n**2 - n + 19. Let y be b(d). Calculate the highest common divisor of y and 19.
19
Suppose -14*b + 10*b + 224 = 0. Calculate the highest common divisor of 28 and b.
28
Let b(l) = 33*l**2 + l + 7. Let j be b(-3). Suppose p = 2, 4*c + 2*p - j = 23. What is the highest common factor of c and 16?
16
Suppose j = -19 - 1. Let q = j + 50. Calculate the greatest common divisor of 15 and q.
15
Suppose 12 = 4*d - 8*d, 4*y - 17 = -5*d. Calculate the highest common factor of y and 2.
2
Suppose -5*k + 130 = -2*b, -5*k - 4*b + 108 = 8. Let m be k/(-14)*(-49)/14. Let c be (8/(-6) + 2)*m. Calculate the highest common factor of 20 and c.
4
Let j be 1*(-2 + (-4)/(-2)). Suppose -s + 38 - 5 = j. Suppose 0 = -5*v + 3*a + s, 6*v - 2*v - 26 = 2*a. What is the greatest common divisor of v and 54?
6
Let a(o) = o + 12. Let j be a(10). Calculate the greatest common divisor of j and 55.
11
Let m = -95 + 159. Let l = 3 - -2. Suppose -l = -u + 3. What is the highest common factor of m and u?
8
Suppose -13 = -3*t + 2*f - 6*f, 1 = f. Suppose -2*n = 2*m - 14, -4*m + 14 = 2*n - t*m. Calculate the highest common divisor of 63 and n.
7
Suppose -13 = -5*i + 7. What is the highest common divisor of 8 and i?
4
Let o(h) = 1 + 0*h - 4*h + 3*h. Let y be o(7). Let t(r) = -7*r - 9. Let x be t(y). What is the greatest common divisor of 3 and x?
3
Let b be 1 - -3 - (-25 - -2). What is the highest common factor of b and 9?
9
Suppose 152 = 8*i - 288. Calculate the highest common factor of 5 and i.
5
Let q = -143 - -263. Suppose 4*f - 5*f + q = 0. What is the greatest common factor of f and 15?
15
Suppose -23 = -4*o + 3*o - 5*x, -2*o + 3*x + 7 = 0. Let v be (0 - 32)*(-9)/4. Calculate the highest common factor of o and v.
8
Let f be (-4)/(-3)*15/(-10). Let m be (3 + f)/((-1)/47). Let o = 71 + m. What is the greatest common factor of 36 and o?
12
Suppose -4*n = 2*x - 42, n + 5*x + 3 = 18. Calculate the highest common factor of 70 and n.
10
Let x(d) be the third derivative of -d**6/120 + 13*d**5/60 + d**4/24 - 11*d**3/6 + 6*d**2. Let y be x(13). Calculate the highest common divisor of y and 2.
2
Let n be (0 + 0)/2 - -34. Let f = -118 + 266. Let w = -97 + f. Calculate the greatest common divisor of w and n.
17
Suppose 5*u + 10 = 25. Suppose -2*q = -a - 11, a = -5*q + 27 - u. Calculate the greatest common divisor of q and 20.
5
Suppose n - 6*n = 15. Let x be (-4)/(-6) + (-1285)/n. Suppose 3*z = -0*z + x. What is the highest common divisor of z and 13?
13
Suppose 10*u - 66 = 5*u - 2*a, -5*u + 2*a = -74. What is the greatest common divisor of u and 7?
7
Suppose 0 = 15*s + 163 - 3463. Calculate the highest common divisor of s and 88.
44
Let n be (-3)/(-1*(-2)/(-14)). Let g = n + -12. Let y(f) = 11*f**3 + 4*f**2 - 2*f - 1. Let a be y(2). What is the greatest common divisor of g and a?
9
Let z = -319 + 462. What is the greatest common factor of 11 and z?
11
Suppose -175 = -4*q - 55. Suppose -i - 5*s = 4*i, i - 20 = 4*s. Suppose 2*r - 2*d = -2*r + 32, i*r - 44 = -d. What is the greatest common factor of r and q?
10
Suppose -35 = -p - 2*y + y, 4*p = 4*y + 100. Calculate the greatest common divisor of 20 and p.
10
Suppose 5*g = -x + 10, 16 = -3*x + 3*g + 64. Calculate the greatest common factor of 5 and x.
5
Suppose -5*q + 2*f + 54 = -165, 87 = 2*q - f. Let r(c) = 2*c**2 - 5*c - 3. Let x be r(-3). What is the greatest common divisor of q and x?
15
Let v(h) = h**3 - 7*h**2 + h. Let q be v(8). What is the highest common factor of q and 18?
18
Let g be (1/(-2))/((-3)/114). Let y = 2 - 2. Suppose -4*a + 55 - g = y. What is the greatest common factor of a and 27?
9
Suppose 0 = -5*l - 25, -29 = -4*q + l. Let p(u) = u**2 - 2*u + 6. Let j be p(q). Calculate the highest common divisor of 20 and j.
10
Suppose 9 = -4*a + 41. Suppose 2*k + z - 3 = 0, -2*z + 3*z = 3*k + 8. Let m be 3/(-3*1)*k. What is the greatest common divisor of a and m?
1
Let o(g) = g**3 - 16*g**2 + 17*g - 3. Let f = 32 - 17. Let z be o(f). Let d be (-1)/2*1*-6. Calculate the greatest common divisor of z and d.
3
Let k(g) = 5*g + 4. Let q be k(-8). Let h be (-2 + q)*1/(-2). What is the highest common divisor of h and 38?
19
Suppose q + 6 = -2*q. Let v be (-6)/4*(q - 0). Suppose 5*n - 5*u - 14 = 41, v*n - 39 = 5*u. What is the highest common factor of n and 64?
8
Let c = 26 - 17. Suppose -4*g - c + 25 = 0. Calculate the highest common divisor of 32 and g.
4
Let l(q) = -2*q + 10. Let a be l(0). What is the greatest common factor of 70 and a?
10
Let m be (-4)/(-4) - -547 - -2. What is the greatest common divisor of m and 50?
50
Let b be (1 - 7) + 3 - -31. What is the greatest common divisor of 14 and b?
14
Let x be (2/(-6))/(4/(-11 - 1)). Calculate the greatest common 